 f(q) = -139*q - 140. Determine f(2).
-418
Let s(i) = -165904*i + 19. What is s(0)?
19
Let i(o) = 26*o**2 - 1210*o - 12087. Determine i(55).
13
Let x(d) = -4*d**3 - 295*d**2 + 69*d - 384. Give x(-74).
-14
Let k(v) = -3*v**3 - 436*v**2 + 320*v + 4093. Determine k(-146).
5
Let n(v) = 756*v - 13695. Give n(18).
-87
Let b(s) = 95*s - 3311. Give b(21).
-1316
Let d(y) = 244*y - 11230. What is d(46)?
-6
Let v(u) = 2*u**2 - 317*u + 320. Determine v(1).
5
Let m(o) = 3*o**2 - 564*o + 25655. Determine m(77).
14
Let s(q) = -393*q - 694. Determine s(-4).
878
Let n(i) = 4064*i - 80651. Calculate n(20).
629
Let o(v) = -v**3 - 29*v**2 - 73*v - 264. What is o(-27)?
249
Let p(w) = w**3 - 17*w**2 - 196*w + 1492. Give p(11).
-1390
Let f(i) = 608165*i - 49. Determine f(0).
-49
Let q(f) = 7*f**2 - 380*f - 1927. Calculate q(-5).
148
Let w(r) = -r**3 + 55*r**2 + 6044*r - 422. Determine w(110).
-1082
Let r(m) = 2*m**2 - 461*m + 1837. Calculate r(226).
-197
Let z(c) = 21824*c + 130933. Calculate z(-6).
-11
Let h(f) = -83*f**2 - 10682*f + 3242. Give h(-129).
17
Let m(z) = -z**2 + 1261567*z + 2523137. What is m(-2)?
-1
Let t(b) = 2111*b - 48586. Calculate t(23).
-33
Let l(s) = 99*s - 4910. Calculate l(48).
-158
Let x(s) = -2*s**3 - 16*s**2 + 860*s + 8896. Determine x(-10).
696
Let c(k) = 2*k**3 + 32*k**2 - 123*k - 31. Determine c(5).
404
Let g(w) = -164*w - 2242. Determine g(-25).
1858
Let y(p) = 225*p + 52601. What is y(-234)?
-49
Let l(q) = -31*q**3 + 1669*q**2 + 253*q + 880. Give l(54).
-38
Let v(s) = -2*s**3 - 2690*s**2 - 21393*s - 12. What is v(-8)?
-4
Let p(r) = r**3 + 28*r**2 - 876*r - 24458. Give p(-30).
22
Let d(z) = 41*z - 3527. Give d(138).
2131
Let h(w) = -70*w**2 - 1390*w + 4157. What is h(3)?
-643
Let y(h) = -h**3 + 204*h**2 + 165160*h + 958. Calculate y(-317).
7
Let m(k) = -15*k**3 + 120*k**2 - 45*k + 352. Give m(8).
-8
Let w(t) = t**3 + 5*t**2 - 87*t - 431. Calculate w(-6).
55
Let f(l) = -199092*l + 1393647. What is f(7)?
3
Let s(p) = -4160*p + 53434. Give s(12).
3514
Let c(v) = -1376*v + 16598. Calculate c(12).
86
Let g(f) = -8*f**3 - 3408*f**2 - 588*f - 250484. Give g(-426).
4
Let q(x) = 6299*x - 806237. What is q(128)?
35
Let q(v) = -4*v**3 - 66*v**2 - 147*v - 3055. Determine q(-17).
22
Let y(t) = t**2 - 36287*t + 435386. Determine y(12).
86
Let c(k) = -2*k**3 - 18*k**2 - 13*k + 145. Give c(8).
-2135
Let y(m) = -3651*m - 131457. Give y(-36).
-21
Let i(o) = 315*o + 2273. Calculate i(-8).
-247
Let v(w) = -w**2 - 19331*w + 58. Calculate v(0).
58
Let f(x) = -x**3 + 104*x**2 - 180*x + 7825. Calculate f(103).
-106
Let n(x) = -51*x**2 - 19070*x + 1491. Give n(-374).
-5
Let g(h) = -14*h**2 - 514*h - 4968. What is g(-10)?
-1228
Let l(a) = 33*a**2 + 1120*a - 3738. What is l(-37)?
-1
Let n(v) = -v**3 + 10*v**2 + 250*v + 43. What is n(-11)?
-166
Let u(o) = -96*o**2 - 245*o - 1693. What is u(-7)?
-4682
Let u(l) = l**3 + 17*l**2 + 3*l - 59. Determine u(-19).
-838
Let v(h) = -106*h**2 - 3063*h + 329. Determine v(-29).
10
Let j(h) = -12*h**2 - 10093*h - 89856. What is j(-9)?
9
Let r(x) = 688*x**3 + 2*x**2 - 198*x - 201. Calculate r(-1).
-689
Let s(d) = 1447*d**2 - 8909*d + 1332. Give s(6).
-30
Let w(d) = -d**3 - 108*d**2 + 467*d + 50388. Calculate w(-108).
-48
Let m(z) = -z**3 - 13*z**2 - 40*z - 48. Give m(-8).
-48
Let c(x) = -4*x**3 + 853*x**2 - 179*x - 7376. Determine c(213).
-134
Let h(v) = 125*v**3 - 41752*v**2 + 672*v - 1335. Calculate h(334).
1
Let q(o) = -3*o**3 - 195*o**2 - 2904*o + 5375. Give q(-39).
-7
Let r(a) = -19923*a + 99541. Give r(5).
-74
Let y(x) = -8*x**2 + 32*x + 7. What is y(4)?
7
Let d(m) = 12*m**2 + 1132*m + 8968. What is d(-8)?
680
Let r(g) = -3508*g + 73652. Calculate r(21).
-16
Let p(b) = -53*b**3 + 45*b**2 - 100*b - 66. Give p(3).
-1392
Let z(l) = -3*l**2 + 381*l - 5221. Give z(14).
-475
Let y(z) = -6*z**2 + 190*z + 246. Determine y(-12).
-2898
Let l(a) = 4*a**2 - 1982*a - 19747. Give l(-10).
473
Let n(s) = 36*s + 549. Give n(-21).
-207
Let c(x) = x**3 + 14*x**2 + 75*x + 779. Give c(-14).
-271
Let d(a) = -a**3 - 36*a**2 + 74*a - 433. What is d(-38)?
-357
Let u(d) = 6*d**3 - 2365*d**2 + 400*d - 2367. Calculate u(394).
-3
Let v(i) = i**2 - 86*i - 87280. Calculate v(342).
272
Let g(n) = 604*n**2 + 9065*n + 315. Calculate g(-15).
240
Let h(f) = -32*f**2 - 1808*f + 68. Determine h(-57).
-844
Let l(x) = -97*x**2 + 1472*x - 3705. Give l(12).
-9
Let k(o) = o**2 - 1206*o + 178721. Determine k(173).
12
Let p(y) = 4*y**2 - 200*y + 3002. Determine p(36).
986
Let j(k) = -k**3 - 78*k**2 - 143*k + 634. Determine j(-76).
-50
Let h(t) = t**2 - 522*t + 7740. Calculate h(15).
135
Let v(w) = -45046*w + 4234326. Calculate v(94).
2
Let b(g) = g**3 + 34*g**2 + 32*g + 345. Give b(-8).
1753
Let p(k) = -31*k + 2043. What is p(29)?
1144
Let n(j) = 3385*j + 263940. Determine n(-78).
-90
Let w(c) = -1239*c**2 - 44487*c + 4179. Determine w(-36).
-33
Let p(r) = 316*r**2 + 871*r - 1743. Calculate p(2).
1263
Let f(r) = r**2 + 798*r + 111893. What is f(-181)?
216
Let v(z) = -12*z**2 - 180*z - 186. What is v(-11)?
342
Let j(l) = 39*l + 661. Give j(-17).
-2
Let u(b) = -618*b**2 - 6201*b - 219. Calculate u(-10).
-9
Let w(g) = 11425*g - 285651. Determine w(25).
-26
Let g(b) = -b**2 - 7631*b - 129454. Determine g(-17).
-16
Let j(h) = 784*h + 5088. Determine j(-9).
-1968
Let r(c) = -2*c**3 + 21*c**2 - 6902*c + 34231. Give r(5).
-4
Let z(b) = 2*b**2 + 6300*b + 150010. Calculate z(-24).
-38
Let p(w) = -455*w + 26210. Give p(59).
-635
Let c(a) = 163*a + 79662. What is c(-487)?
281
Let m(w) = 181*w - 4945. What is m(35)?
1390
Let h(l) = 628*l - 75890. Calculate h(121).
98
Let n(s) = -5537*s - 60848. Calculate n(-11).
59
Let x(i) = -6*i**3 + 178*i**2 + 364*i - 3589. Calculate x(31).
7
Let b(i) = i**3 + 11*i**2 - 193*i + 213. Calculate b(-21).
-144
Let j(f) = -f**3 + 22*f**2 - 29*f - 10. Calculate j(22).
-648
Let w(b) = -1199*b**2 - 3712*b - 329. What is w(-3)?
16
Let c(i) = -100*i**3 - 11*i**2 + 18*i + 34. What is c(-2)?
754
Let m(i) = 411910*i + 1647613. Determine m(-4).
-27
Let l(x) = -4573*x + 20318. What is l(6)?
-7120
Let z(q) = -7*q**2 + 186*q - 328. Calculate z(2).
16
Let c(y) = 1676*y + 15725. Calculate c(-9).
641
Let u(q) = -q**3 + 11*q**2 + 135*q + 313. Calculate u(19).
-10
Let i(a) = 41823*a - 125485. Give i(3).
-16
Let n(q) = q**3 - 327*q**2 + 2598*q - 114555. What is n(320)?
5
Let y(s) = 5*s**3 + 197*s**2 - 124*s + 54. Determine y(-40).
214
Let w(k) = 4*k**2 - 593*k - 10513. What is w(-16)?
-1
Let i(n) = -5*n**2 - 118*n + 1170. Give i(-31).
23
Let t(l) = -l**3 - 64*l**2 + 831*l - 66. Calculate t(11).
0
Let d(l) = -246*l - 15288. Determine d(-60).
-528
Let d(f) = -497*f + 40753. Calculate d(82).
-1
Let a(d) = -3*d**2 - 587*d - 20324. Give a(-45).
16
Let y(x) = 2*x**3 + 6*x**2 + 87*x + 776. Calculate y(-6).
38
Let g(z) = -2*z**3 + 258*z**2 + 5*z - 477. Determine g(0).
-477
Let u(j) = -27492*j + 138349. What is u(5)?
889
Let n(w) = 27*w**3 - 38582*w**2 - 1344*w - 121448. Calculate n(1429).
17
Let x(i) = -1276*i + 6428. What is x(3)?
2600
Let x(p) = -p**2 - 10*p + 1711. Give x(-49).
-200
Let b(n) = -n**3 + 1565*n**2 - 406639*n - 1641. Calculate b(329).
4
Let f(n) = -3385*n - 17000. Calculate f(-5).
-75
Let x(d) = -d**2 - 3786*d - 52797. What is x(-14)?
11
Let t(j) = -j**3 - 3*j**2 + 22*j + 199. Determine t(-8).
343
Let c(w) = -134*w**2 + 546*w - 546. Determine c(1).
-134
Let h(l) = l**2 + 23927*l + 119667. What is h(-5)?
57
Let x(k) = -295104*k**2 + 295110*k. Calculate x(1).
6
Let k(r) = 2822*r + 109057. Determine k(-39).
-1001
Let x(c) = -5*c**2 + 45*c + 263. Calculate x(8).
303
Let o(i) = -63378*i - 633782. Give o(-10).
-2
Let f(n) = -2466*n + 54206. Give f(22).
-46
Let d(x) = -2*x**3 + 205*x**2 - 116*x + 1480. What is d(102)?
52
Let g(s) = s**3 + 181*s**2 + 1072*s - 1195. Determine g(-7).
-173
Let u(k) = -116*k**2 + 92*k + 178. Determine u(-2).
-470
Let l(h) = 44*h**2 + 639*h + 199. What is l(-14)?
-123
Let v(p) = -2*p**3 - 3124*p**2 - 18653*p + 102. Determine v(-6).
-12
Let u(x) = 24*x**2 - 383*x - 142. Determine u(17).
283
Let t(i) = 4874*i - 14530. Determine t(3).
92
Let v(j) = 3945*j - 134163. Give v(34).
-33
Let m(q) = -q**2 + 877*q + 11687. Determine m(-13).
117
Let l(u) = -1613*u - 9826. Give l(-6).
-148
Let a(l) = l**2 - 85*l + 943. Determine a(16).
-161
Let f(